6. Let w(d) = -7*d**2 - 15 + 33 + 18*d**2 - 16 + 2*d - 10*d**2. What is w(s)?
2
Let r(y) = y**2 - 13 + 4*y - y - 7*y - 2*y. Let p be 12/(-10)*(-285)/38. Give r(p).
14
Suppose -4*d - 711 = -83*d. Let z(k) be the third derivative of -k**4/24 + k**3/6 + 119*k**2. What is z(d)?
-8
Suppose -5*z - 5*f + 6 = -49, 5*f = 2*z - 29. Suppose 4*h - x - 11 = z, -x = 3. Let k(c) = 7*c - 5. Let q(b) = b. Let d(w) = k(w) - 4*q(w). Give d(h).
10
Let v(r) = -r**3 - 10*r**2 - r - 1. Let l be v(-1). Let j = 239 + -419. Let n be ((-85)/j - (-2)/l)*8. Let y(b) = b. What is y(n)?
2
Let c(h) be the second derivative of h**4/12 - 5*h**3/6 + 15*h**2/2 - 25*h + 2. Let f be c(5). Let a(q) = q**2 + 17*q + f*q + 3 - 29*q. Give a(-7).
31
Let o(u) be the first derivative of -u**3/3 - u**2 - 5*u + 1090. Suppose 7*x = 9*x + 14. Give o(x).
-40
Let y(v) = 3*v**2 + 6*v + 2. Let t be y(-2). Let j be 14/35*-2 - 388/(-10). Let d(m) = 1 + 44*m**t - 81*m**2 + j*m**2 + 5*m. Give d(-5).
1
Suppose 18*s - 14*s - 436 = -3*r, -r = 0. Let b = s - 108. Let n(w) = 8*w + 1 - 12*w + 6*w. Calculate n(b).
3
Let j(n) = -n**3 + 6*n**2 + 8*n + 18. Let l be j(8). Let s = -42 - l. Let m(r) = -4*r + s*r + r + 1 + 7. Calculate m(-7).
1
Let p(n) = n**3 - 2*n**2 - 3*n - 4. Suppose -1988 + 478 = -10*z. Let y = z + -148. Give p(y).
-4
Let r(l) be the third derivative of -l**5/60 + l**4/24 + 2*l**3/3 + 2*l**2 - 84*l - 31. Suppose 3*n + 0 = 6. Calculate r(n).
2
Let o(f) = f**2 - 3*f - 5. Let k(x) = 20 + 12*x**2 + 17*x**2 - 6*x - 28*x**2. Let q be k(9). Suppose 0 = 6*a - q + 11. What is o(a)?
13
Suppose 163 + 201 = -38*m - 14*m. Let x(n) = -n**3 - 8*n**2 + 6*n + 89. Give x(m).
-2
Suppose -124*l - 373 + 1349 = -1256. Let d(o) = -o**2 + 15*o + 54. Give d(l).
0
Let k be (-24)/(-732) + 11275/305. Let n(d) = 3*d - 100. Calculate n(k).
11
Suppose 2*l + 2 + 0 = 0. Let j(n) be the second derivative of 9*n**5/20 - n**3/6 - n**2/2 - 4782*n. What is j(l)?
-9
Let w = -16903 + 16916. Let j(g) = -2*g**3 + 25*g**2 + 12*g + 3. Give j(w).
-10
Let t(b) = -b**2 - 5*b - 4. Let z be t(-4). Suppose -13*d + 18*d + 15 = z. Let c be (1 + 4)*(d + 4). Let u(g) = -g + 6. What is u(c)?
1
Let j(q) = -q**2 + 48*q + 313. Let v be j(54). Let p(c) = c**3 + 12*c**2 + 16*c + 11. Give p(v).
-44
Let h(p) = 6*p - 61. Let j(l) = 2*l**3 - 63*l**2 - 28*l - 117. Let q be j(32). Determine h(q).
5
Let p(t) = t**2 - 8*t + 3. Suppose -2*m - 5*f + 115 = 0, 3*m - 158 = -2*f - 2. Suppose -12*n - 172 = -16*n. Let j = m - n. Calculate p(j).
-4
Let c be (3 - 0/(-2))*(-2)/3. Let r be (-79)/2 + (-3)/c. Let m = -38 - r. Let l(z) = z**3 - z - 11. Calculate l(m).
-11
Let c = 1639 - 1631. Let o(f) = -f - 29. Calculate o(c).
-37
Let h be (-4 - -14) + -18 + -5 - 13. Let p(k) = k**2 + 26*k + 13. Calculate p(h).
13
Let i(o) = -5*o + 209. Let k be i(31). Suppose -8*y + 38 = k. Let b(m) = m**3 - 2*m**2 - 4*m - 3. Determine b(y).
-11
Let w(x) = x**3 - 74. Let c = 4142 + -4142. Determine w(c).
-74
Let v(d) = d**3 - 6*d**2 + 4*d + 2. Let t = 98 + 103. Let s = t + -196. What is v(s)?
-3
Let p = 336 - 210. Let k(b) = b**2 - p + b - 5*b**2 - b**3 - 3*b**2 + 134. Let w be 0 - (-2 + 0 + 9). Determine k(w).
1
Let v(l) be the second derivative of 3*l**5/10 - l**4/12 + 2*l**3/3 - 5*l**2/2 - 1749*l + 1. What is v(2)?
47
Suppose -2 = -10*j + 18. Let k(o) be the first derivative of o**3/3 - 8*o - 901. Determine k(j).
-4
Let v = -6 + 11. Let l(j) = j**3 + j**2 + j - 1. Let g(o) = 6*o**3 - 3*o**2 - 4*o - 6. Let p(u) = v*l(u) - g(u). Let s = 122 - 113. Calculate p(s).
1
Suppose 4 + 4 = -2*i. Let r be ((-190)/(-40))/(1/i). Let f(a) = -a - 15. Let o be f(r). Let j(t) = t**3 - 3*t**2 - 3*t + 3. What is j(o)?
7
Let g(x) = 4*x + 1. Let k be 528/112 - (-4)/14. Suppose -m - 3*m - k*q = -2, 4*m = -4*q. Determine g(m).
-7
Let s(o) = -o**2 - 5*o - 27. Suppose 39*d = -39*d + 58*d - 120. Give s(d).
-33
Let l(b) = 7*b**3 + 9*b**2 + b - 10. Let z(t) = 15*t**3 + 18*t**2 + t - 21. Let y(f) = -13*l(f) + 6*z(f). Let d = 138 + -146. Calculate y(d).
-4
Let z(u) = -8*u**2 + 21*u - 11. Let q(f) = f**3 - 64*f**2 - 202*f + 69. Let r be q(67). Give z(r).
-1
Suppose 3*d = -3 + 6. Suppose 0 = -5*g - 4*k - 6, -3*g + 18 = 2*k - 5*k. Let l(r) = r**g - 11*r**2 + 5*r**2 + r**3 + 22*r**3 + 3*r**2 + 1. Calculate l(d).
22
Let g(x) = -x**2 - 57*x + 119. Let p be g(-59). Let m(c) = 74*c**2 - 2*c + 2. Determine m(p).
74
Let s(b) = -14 - 10 - 4076*b + 4070*b. Determine s(-4).
0
Let r(u) be the second derivative of u**3/6 + u**2/2 - 2*u. Let k be 1942/38 - 1 - 2/19. Suppose -4*h = -5*s - k, 4*s - 2 = 6*s + 2*h. Give r(s).
-5
Let f(k) = 7*k**2 + 1 + k - 4*k**2 + 2*k. Let u be (63/(-15))/((-9)/60). Suppose -10 = -9*j - u. Determine f(j).
7
Let s(f) = 8*f**2 + 3*f + 2. Suppose p - 12 + 2 = 0. Suppose 76*w = 71*w - p. Give s(w).
28
Suppose -4*q - 18 = d - 6, -2*q - 6 = -d. Let u be (-8)/6*q - 2. Let r(k) = -65*k - 4 - 1 - k**u + 60*k. Determine r(-5).
-5
Let y(n) = 4*n**2 - n + 3. Suppose 0 = -v + u - 0*u - 1, 4*v + 4*u = 4. Let z be y(v). Let g(a) = a**3 - 3*a**2 - 2*a - 2. Give g(z).
-8
Let r = 33 + -43. Let d(s) = s**2 - 12*s - 7. Let f(t) = -2*t**2 + 12*t + 9. Let o(k) = -3*d(k) - 2*f(k). What is o(r)?
-17
Let m(p) be the second derivative of 0 + 1/20*p**5 + 0*p**4 - 3*p**2 + 22*p + 1/6*p**3. What is m(0)?
-6
Let m(l) be the third derivative of -l**5/60 + l**4/8 - 5*l**3/6 - 8*l**2 - 144. What is m(2)?
-3
Let x = -177 - -180. Let y(q) = 12 - 6 - q**2 - x - 4*q. What is y(-4)?
3
Suppose -h - 463 = -483. Suppose 22*c - 6 = h*c. Let o(m) be the first derivative of -m**4/4 + 2*m**3/3 + 5*m**2/2 - 2*m - 2. What is o(c)?
4
Let i(b) be the second derivative of -b**7/840 + 7*b**6/360 - b**5/20 + b**3/2 + 3*b**2 + 4*b - 2. Let l(t) be the second derivative of i(t). Determine l(6).
0
Let i(q) = -5*q**2 - 7*q + 10. Let w(j) be the third derivative of j**5/20 + 5*j**4/24 - 7*j**3/6 - 58*j**2. Let a(p) = 5*i(p) + 7*w(p). What is a(-1)?
-3
Suppose -10*s + 320 + 40 = 0. Let a(c) = -16*c + s*c - 17*c - 5*c. Suppose -18 = 4*t + 6. Determine a(t).
12
Let p(o) = -3*o**2 + 4*o - 2. Let j = -42 - -46. Let b(d) = d**3 - 19*d + 14. Let s be b(j). Determine p(s).
-6
Let d(j) = 2*j**2 - 3*j + 2. Suppose 27 = -25*q + 34*q. Suppose 716*n = 717*n - q. Give d(n).
11
Let i(u) be the second derivative of -5*u**3/6 - u**2 + u. Let y be ((-16)/10)/((-3)/(-15)) - -11. Determine i(y).
-17
Let s(t) = 3*t**2 - 4*t - 1 + t**2 + t + 0*t**2 + 4*t**2. Suppose -2*y - 6 + 2 = 0. Determine s(y).
37
Let f(t) = 29 + 24*t**2 + 940*t + 959*t - 1897*t + t**3. Determine f(-24).
-19
Let u(x) be the second derivative of x**4/3 - x**3/3 - 13*x**2/2 - 12*x - 2. Let y(b) = -4*b**2 + 2*b + 15. Let t(j) = 7*u(j) + 6*y(j). What is t(3)?
29
Let h(j) = 2*j**3 + 7*j**2 + 5*j + 8. Let q = -44732 - -44729. Determine h(q).
2
Suppose -846*c - q = -844*c - 7, 0 = c + 4*q - 28. Let b(g) be the third derivative of -22*g**2 - 2/3*g**3 + 1/8*g**4 + 1/60*g**5 + 0*g + c. Determine b(-5).
6
Let d(a) = -7*a**2 + 5*a + 2. Let c(u) = 2*u**2 - u. Let w(m) = 3*c(m) + d(m). Let s be ((-8)/10)/((-436)/1090). Calculate w(s).
2
Let w(z) be the second derivative of -z**6/120 - z**5/30 - z**4/6 - 2*z**3/3 - 135*z**2/2 + 15*z + 5. Let c(m) be the first derivative of w(m). Determine c(-4).
44
Suppose 0 = 2*d + 4*l + 4, 3*l = d - 7 + 4. Let g(s) be the third derivative of s**4/24 - s**3/6 + 63*s**2. Determine g(d).
-1
Let s(f) = -8*f - 5. Let k(l) = 12*l + 8. Let d(v) = -5*k(v) - 7*s(v). Let a(u) = 3*u + 5. Let w(b) = 5*a(b) + 4*d(b). Determine w(-6).
11
Let i(s) = 9882*s - 20 - 9868*s + 13 - 53 + 9. What is i(6)?
33
Let r(a) = a**2 - 4*a - 1. Let q(k) = 8*k**2 - 11*k - 2. Let w(j) = -q(j) + 3*r(j). Let i(u) = -2*u + 1. Let d = 31 + -30. Let n be i(d). Determine w(n).
-5
Let v(m) = -115*m**2 + m. Let x(i) = 166*i**2 - i. Let h(d) = -7*v(d) - 5*x(d). Determine h(2).
-104
Let z(i) = i**2 + 136*i + 3259. Let t be z(-31). Let o(m) = m**3 - m + 2. Determine o(t).
62
Suppose 5*t + 4*n = -14, 12*t = 9*t + 5*n - 1. Let j(k) = -4*k**2 + 2*k - 4*k + 2*k**2. Determine j(t).
-4
Let x(o) = -o**2. Let p be (-42)/(2*1/(-2)). Suppose -12*w - 86 + 602 = 0. Let z = w - p. Determine x(z).
-1
Let d(n) = n + 7. Let m be 1 + (-32)/5 + 9/(-15). Let p be ((-20)/m)/(5/15). Let u be (12/p)/(3/(-10)). Give d(u).
3
Let m(c) be the first de